w**2 - 17*w + 23. Suppose -14*m = -13*m - 15. Let r be d(m). What are the prime factors of j(r)?
2, 3
Let j be ((-2)/(-3))/(3/(-20295)*-10). Let q = j - 56. List the prime factors of q.
5, 79
Let o = 90 - 81. Let i(h) = -h**2 + 7*h + 22. Let m be i(o). Suppose -m*l = -x + 79, 2*l = -3*x - 0*l + 279. What are the prime factors of x?
7, 13
Let l = 87 - 85. What are the prime factors of (354 - 8) + (l - 4)?
2, 43
Let h = 13233 - -7520. What are the prime factors of h?
20753
Let i be (9 + -8)/(1/(-26)). Let s(u) = u**2 + 11*u + 19. What are the prime factors of s(i)?
409
Let s(h) = -5*h - 5*h**3 - h + 6*h**3 + 8*h**2 - 2. Suppose -21*u = 17 - 122. List the prime factors of s(u).
293
Suppose 5100 = q - d, d - 4609 - 10683 = -3*q. What are the prime factors of q?
2, 2549
Let b = 10774 + -3991. List the prime factors of b.
3, 7, 17, 19
Let w be (-8)/60 - (-47968)/(-240). List the prime factors of (1*2/(-1))/(4/w).
2, 5
Suppose -3*x + 39 = 27. Suppose x*r - 3*i - 464 = -0*r, -r + 3*i = -125. What are the prime factors of r?
113
Suppose -5*d + 22034 = 3*x, 2*d = 319*x - 314*x + 8795. List the prime factors of d.
5, 881
Let k(t) = 5*t**2 - 6*t - 1 - 5*t + 10*t. Let d be k(-1). Suppose c - 3*q - 10 = -d*q, 11 = 5*c - 3*q. What are the prime factors of c?
2
Suppose 28*i - 56847 = -25599. What are the prime factors of i?
2, 3, 31
Suppose m = z - 40, 3*z = 2*m - 6*m + 120. Suppose -3*b + 4*i - z + 344 = 0, b - 84 = -3*i. What are the prime factors of b?
2, 3
Let r = 27 - 20. Suppose -1746 = -r*g + 305. List the prime factors of g.
293
Suppose 0 = -4*v + n + 10838 - 2194, 3*n = -12. Suppose -4*b = -8*x + 3*x + v, 3*b + 421 = x. What are the prime factors of x?
2, 109
Let p(w) = -w**3 + 3*w**2 + 4*w - 1. Let k be p(4). Let v(o) = 10*o + 4. Let y be v(k). List the prime factors of 245/15 + 3 - 4/y.
2, 5
Let a(z) = z**3 + 14*z**2 - 18*z + 21. Suppose r - 30 = 3*r. Let x be a(r). Let t = 26 + x. List the prime factors of t.
2, 23
Let d(p) = -p + 12. Let r be d(10). Suppose -r*z - 2*c + 2035 = 3*z, 4*c - 2025 = -5*z. List the prime factors of z.
409
Let l be (-234)/(-45) + 1/(-5). Suppose -3 = 4*a - 5*i, -2*a + 0*i - i = l. What are the prime factors of (-1 - a)/(5/635)?
127
Suppose -x = -97 - 715. Suppose -g + x + 133 = 0. What are the prime factors of g?
3, 5, 7
Suppose -25*g + 1380195 - 285276 = -7781. What are the prime factors of g?
2, 11027
Suppose 4*r + w + 160 = 0, -w = -4*r - 3*w - 160. Suppose 3*h = -5*c - 624, 321*h - c = 319*h - 403. Let l = r - h. What are the prime factors of l?
163
Let j(c) = 9034*c**2 - 8*c - 5. Let z be j(-1). Suppose 0 = 27*y - 34*y + z. List the prime factors of y.
1291
Let n = -711 - -1472. What are the prime factors of n?
761
Let w = -28982 - -46499. What are the prime factors of w?
3, 5839
Let f(i) = 7*i + 119. Let u be f(-16). Let r(o) = 2*o**2 + 4*o + 21. What are the prime factors of r(u)?
3, 7
Let z(g) = -8*g + 3 + 22*g**2 + g**3 + 0*g - 2*g**2. List the prime factors of z(-20).
163
Let f(r) = 2*r**3 - r**2 + r. Let i be f(1). Let z = i - -4. List the prime factors of (-13752)/(-56) - z/(-14).
2, 3, 41
Let n be (-14)/(-1) - 15/5. Suppose 18582 = n*j + 3710. What are the prime factors of j?
2, 13
Suppose -54 = -4*d - 5*d. Suppose 7100 = 11*i - d*i. What are the prime factors of i/6 + (-20)/12 + 1?
2, 59
Suppose -83*y + 115924 = -24678. List the prime factors of y.
2, 7, 11
Suppose 0 = -17*f + 12*f - 3*l + 254809, 0 = 5*f + 2*l - 254806. List the prime factors of f.
2, 5, 7, 13
Suppose -4*y + 179038 = 2*s, -2*y + 449*s = 447*s - 89534. What are the prime factors of y?
2, 22381
Let q(h) = 146*h + 1258. What are the prime factors of q(81)?
2, 3271
What are the prime factors of 3990/(-14)*(0 + -15)?
3, 5, 19
List the prime factors of (-12)/(-27) + 51287/9.
41, 139
Let b(y) = 5*y**2 - 21*y + 4. Suppose -z - 29 = 3*g, -4*g + 5*z - 27 = 18. Let s be ((-8)/g)/((-1)/(90/(-12))). What are the prime factors of b(s)?
2, 29
Suppose 44*u - 49*u = -2665. Suppose -4*i + 163 + u = 0. What are the prime factors of i?
2, 3, 29
Let a(w) = -11*w**2 - 387*w + 35. Let f be a(-34). Let t = 2 + -7. List the prime factors of t/10 - 0 - f/(-6).
79
Suppose -657 = 5*w - 3*w - h, 0 = w + h + 321. Let d = -115 - w. What are the prime factors of d?
211
Let u(z) = 3*z**2 - 11*z + 2. What are the prime factors of u(8)?
2, 53
Let v(n) = 241*n - 1707. What are the prime factors of v(195)?
2, 3, 17, 37
Let t(f) = -6*f**3 - 5*f**2 + 2*f - 1. Let o(z) = -11*z**3 - 9*z**2 + 5*z - 3. Let l(n) = -4*o(n) + 7*t(n). Let d = -3 - -6. List the prime factors of l(d).
2, 5
Let x be (-654)/(-27) - (-2)/(-9). Let l = 126 + -216. Let p = x - l. List the prime factors of p.
2, 3, 19
Let a = 21029 + 28761. What are the prime factors of a?
2, 5, 13, 383
Suppose -w - 2*f + 67 = 0, f = -3*f - 16. Suppose -2*t - 10 = 0, 3*i - 2071 + w = 2*t. What are the prime factors of i?
2, 331
Let w(c) = 1 - 9*c - 16*c + 2*c + 7*c. List the prime factors of w(-6).
97
Let n(i) = -i**2 - 208*i - 946. List the prime factors of n(-96).
2, 4903
Suppose 32562 = 4*g - 2*q, g - 3749 - 4419 = -5*q. List the prime factors of g.
17, 479
Let z(p) be the second derivative of -77*p**5/10 + p**4/4 + p**3/6 - p**2/2 + 183*p. List the prime factors of z(-1).
5, 31
Let m be (-2)/(-4)*-1*(4 + -2). Let y be (5/(-5)*1)/(m/19). Suppose 0 = h - y - 51. What are the prime factors of h?
2, 5, 7
Let r(w) = -w**3 + 17*w**2 - 7*w + 23. List the prime factors of r(11).
2, 3, 7
Let k = -99 - -101. Suppose k*d + 10801 = 6*d + 3*m, -2714 = -d + 2*m. Suppose d = 3*a + 10*a. What are the prime factors of a?
2, 13
Let k(c) = 331*c**2 - 7*c - 42. What are the prime factors of k(-4)?
2, 19, 139
Suppose 3*v = -9*v + 144. List the prime factors of (-3 - -7)*1101/v.
367
Suppose 28586 = 4*q - 53174. What are the prime factors of q?
2, 5, 7, 73
Suppose 0 = -7*g - 3*g + 45840. What are the prime factors of g?
2, 3, 191
Suppose -23*h - 2*o - 37565 = -28*h, -h - 5*o = -7486. List the prime factors of h.
7, 29, 37
Suppose -9*g - 20 = -14*g, 0 = 4*z - 5*g - 36. Suppose 5*o = -v + z, -3*v + 4*o = v - 32. List the prime factors of (-60)/(-12) + v*5.
2, 5
Suppose 5*q - 11 = 2*x, -15*q + 1 = -4*x - 12*q. Suppose 5*s + x*l = -2*l + 333, -3*s + 191 = -2*l. What are the prime factors of s?
5, 13
What are the prime factors of (-335565)/(-20) + 13 + 2/(-8)?
3, 29, 193
Let u(i) = -11*i + 82. Let m be u(7). Suppose 0*j = m*c + j - 4204, 2*c - 2*j = 1672. List the prime factors of c.
2, 3, 5, 7
Let o be ((-120)/72)/(2/18). Let y be o*(-10)/15 + -4. What are the prime factors of (-12)/8 - (-621)/y?
2, 3, 17
Let k(m) = -3*m**3 - 217*m**2 + 9*m - 59. What are the prime factors of k(-73)?
2, 3, 1657
Let n(r) = -2*r**3 - 2*r**2 - 2*r - 7. Let o be n(-2). Suppose -w - 107 = 3*a + 1141, -15 = -o*w. List the prime factors of a/(-2) - (0 + -1)/2.
11, 19
Let a(f) = -f**2 + 54*f + 6061. List the prime factors of a(0).
11, 19, 29
Let f = 1769 + 373. What are the prime factors of f?
2, 3, 7, 17
Let j be (-2 + 3 - 1)/(1*2). Suppose j = k + 211 - 641. List the prime factors of k.
2, 5, 43
Suppose 320 = -8*z + 3*z. Let i be (1 - 4)*(5 + z/12). List the prime factors of (-1)/(5/18)*(-5)/i.
2, 3
Suppose -p + 0*p + 31814 = 3*j, -4*p = 2*j - 21196. What are the prime factors of j?
2, 5303
Let q(i) = -2*i**2 + 14*i + 14. Suppose 2*r - 10 = 4*r, -l + 2*r + 18 = 0. Let y be q(l). What are the prime factors of 10 - -250 - (2*-2)/y?
2, 3, 43
Suppose -3*q - 3 = 0, -o - 3*q = 2*o + 14325. What are the prime factors of (-33)/(-55) - (o/10 + 0)?
2, 239
Let z(f) = f**2 + 4*f - 16. Let u be z(-7). Let s(g) = -21 + u - 7*g - 18*g. List the prime factors of s(-5).
109
Let s(k) = k**2 + 20*k - 35. Let c be s(-20). Let q be 105/(c/(-5))*(4 - 1). What are the prime factors of ((-1998)/q)/(4/(-10))?
3, 37
Suppose -12109 - 7448 = -2*s - 5*q, -39106 = -4*s - 2*q. List the prime factors of s.
2, 13, 47
What are the prime factors of 19843 + 4 + (-18 - -12)?
19841
Suppose 47*v + 72*v - 25347 = 0. What are the prime factors of v?
3, 71
Let y(x) = -x**2 - x + 1. Let f(b) = -2*b**2 - 26*b + 61. Let v(z) = f(z) - 5*y(z). What are the prime factors of v(7)?
2, 7
List the prime factors of 1849344/192 - (-3*1 - (-7 + 2)).
2, 3, 5, 107
Let x = 40 - 43. Let d(w) = 4*w**2 + 34*w - 4. Let h be d(